et x be (6/(-24))/((-2)/40). Suppose 9*f + 40 = x*f. Let z = 23 + f. What are the prime factors of z?
13
Let y(u) = 84*u - 289. What are the prime factors of y(17)?
17, 67
Suppose 8 - 20 = 3*r. Suppose -3791 = -35*m - 1061. What are the prime factors of (-1)/(r/m)*2?
3, 13
Suppose -2*z + 20 = 3*a, 0*z - z + 20 = -a. Suppose 3*s - 15 - 13 = 4*t, -2*s = -4*t - z. List the prime factors of (s/8)/((-1)/(-14)).
3, 7
Let y = -15 - -10. Let s(z) = -6*z - 2. Let w be s(y). Suppose 2*r + 0*r = w. List the prime factors of r.
2, 7
Let w(x) = -15*x**3 + x**2 - x + 1. Let v be w(1). Let b(m) = 1. Let l(i) = i + 12. Let u(h) = b(h) - l(h). What are the prime factors of u(v)?
3
List the prime factors of (-43407)/(-26) + 2/(-4).
1669
Suppose 0*m + 4*m - 56 = 4*z, 4*z - m + 50 = 0. Let p = -2 + z. List the prime factors of p/(-28) - (-298)/4.
3, 5
Let l = 1479 + -824. List the prime factors of l.
5, 131
Let y(b) = b - 18. List the prime factors of y(37).
19
Let l = -10 - -14. Suppose l*k - 172 = -32. List the prime factors of k.
5, 7
Let w(c) = 3*c + 5*c - 3*c**2 - 13*c - 7*c - 5. What are the prime factors of w(-3)?
2
Suppose 4*h + 7584 = -63*a + 65*a, -5*a - 2*h = -18984. What are the prime factors of a?
2, 13, 73
Let n be ((-13)/(-3))/(1/36). Suppose 0 = -7*y + y + n. Let q = y - 21. List the prime factors of q.
5
Let w = -1722 + 2515. List the prime factors of w.
13, 61
Let s(l) = -33*l. Suppose -2*c - 8 = 0, -3*p + c + 0*c = -28. Suppose 0 = 4*u + m + 8, -3*u = -7*u - 5*m - p. What are the prime factors of s(u)?
2, 3, 11
Let s = -36 - -188. What are the prime factors of s?
2, 19
Let v(g) = 871*g**2 + 62*g - 123. List the prime factors of v(2).
5, 17, 41
Suppose 3*p = 5*n - 0 - 11, 4*n + 2*p = 22. Suppose -n*w = w - 20. Suppose w*l - l = 9. List the prime factors of l.
3
Let w = 2199 - 1539. List the prime factors of w.
2, 3, 5, 11
Let i(o) = -7*o**3 + 7*o**3 - 4 + 0*o**3 - 2*o - 4*o**2 - o**3. Let q be i(-4). Suppose -5*m + p + 34 + 16 = 0, -4*p = -q*m + 24. List the prime factors of m.
11
Let w(v) = v + 3. Suppose 6*n = n + 180. Suppose -3*d - d + n = 0. List the prime factors of w(d).
2, 3
What are the prime factors of (-28)/21 - 9932/(-6)?
2, 827
Suppose s + 17 = -4*l, 4*l - s + 37 = -6*s. Let g = l + 15. Suppose 4 = 3*u + 5*w, -3*w + g = 3*u + 2*u. List the prime factors of u.
3
Suppose 23316 = 13*s + 16*s. List the prime factors of s.
2, 3, 67
Let w = 42 - 46. List the prime factors of 10 - (2 + 6 + w).
2, 3
Suppose -2*q + 4*q = 10. Suppose q*z - z - 212 = 0. Suppose -5*k - z = -3*t, 3*k = t + k - 17. What are the prime factors of t?
3, 7
Let k(i) = i**3 + 18*i**2 + 18*i + 8. Let g be k(-17). List the prime factors of -1 + -1 - 9*g.
79
Suppose -4*d + 1 = 5. Let l be (6/4 - 2)*-2. What are the prime factors of (l/d)/(1/(-4))?
2
Suppose -5*v + 104 = 2*l - 656, -5*v = 4*l - 1540. What are the prime factors of l?
2, 3, 5, 13
Suppose k = 3*k - 76. Let z = -4 + k. Suppose a - 2*x = 2 + 6, 3*a - x = z. What are the prime factors of a?
2, 3
Let u be (16/5)/(14/70). Let j = u + -36. What are the prime factors of (16/j)/(4/(-260))?
2, 13
Let u(c) = -c**3 - 12*c**2 + 33*c + 171. List the prime factors of u(-18).
3, 13
Let f be 12/(8/2) - (2 - -1). Suppose 5*m - 6*m + 65 = f. List the prime factors of m.
5, 13
Let y be 84/8*2/1. Suppose -3*w + 15 = -j, 0 = 3*w + j - 0*j - y. What are the prime factors of (-2)/(w/45)*-1?
3, 5
Let g(f) = -80*f**3. Let l be 20/(-4) - 4/(-1). What are the prime factors of g(l)?
2, 5
Let j(c) = 7*c**3 - c**2 - 2*c + 2. Suppose -2*t + 7*t - 5 = 0. Let a be j(t). Suppose a*i - 34 - 266 = 0. What are the prime factors of i?
2, 5
Let b(p) = p**2 + 9*p + 43. Let l be b(-7). Suppose l = m + 5*s, 4*s + 4 = -8. What are the prime factors of m?
2, 11
Let u be 56/7 + (-2)/(-2). Let v(m) = 3*m**2 - 4*m - 16. List the prime factors of v(u).
191
Let c(l) = -15*l**2 + 3*l + 6. Let x be c(4). Let p = -92 - x. Suppose 5*y - p = 5*t, 2*y + t - 47 = -2*t. What are the prime factors of y?
5
Let y = -57 - -65. Suppose -y + 158 = 5*o. List the prime factors of o.
2, 3, 5
Let x = 299 + 338. List the prime factors of x.
7, 13
Let u = 14 - 10. Suppose 3*q = q + u. Suppose -k + q*k = 21. What are the prime factors of k?
3, 7
Suppose 2*s = 4*s + 44. Let r = -20 - s. Suppose b - 14 = -b - 4*q, -2*b = r*q - 20. List the prime factors of b.
13
Let w = 41 + 24. Suppose -3*n + n + m = -59, -w = -2*n - 5*m. What are the prime factors of n?
2, 3, 5
Let u(n) = -n**3 + 42*n**2 + 50*n - 350. List the prime factors of u(41).
3, 7, 23
Suppose 0 = -7*c + 22*c - 255. What are the prime factors of c?
17
Let v(s) = 4 + 2 - 4 + 0 + s**3 + 4*s**2 + 3*s. Let b be v(-3). Suppose -2*x + 60 = b*x. List the prime factors of x.
3, 5
Let m(h) = -h**2 + 8*h - 11. Let f be m(5). Suppose f*i - d = 17, 19 = -i + 4*d + 42. Suppose -4*l + i = -29. List the prime factors of l.
2
Suppose -36*m = -41*m + 185. List the prime factors of m - (-8)/(-12)*-6.
41
Let h = 50 - 50. Suppose 5*s + 8 + 7 = h, -149 = -a + 4*s. List the prime factors of a.
137
Suppose 2*t - 1052 = -3*x, -4*x - 5*t - 126 = -1531. List the prime factors of x.
2, 5, 7
Let n(p) = -3*p - 3. Let f(s) be the first derivative of -s**2/2 - s - 5. Let y(j) = 5*f(j) - 2*n(j). What are the prime factors of y(2)?
3
Let w(j) = -j**2 - 11*j - 4. Let i(a) = -a**3 + 13*a**2 - 2*a + 17. Let z be i(13). What are the prime factors of w(z)?
2, 7
Let i(m) = -6*m + 7. Let o(s) = s**2 - 4. Let c be o(3). Let y be i(c). Let t = 13 - y. What are the prime factors of t?
2, 3
Let m = -15 + 532. What are the prime factors of m?
11, 47
Let y = -1848 + 4909. What are the prime factors of y?
3061
Suppose 10 = -5*u - 50. Let n(v) = -v**2 - 15*v. Let w be n(u). Suppose -3*q + w = q. What are the prime factors of q?
3
What are the prime factors of 28036/24 + (-3)/18?
2, 73
Suppose 6*w + 3*x + 286 = 8*w, 4*x - 143 = -w. Let i = 227 - w. What are the prime factors of i?
2, 3, 7
Let z = -1220 - -3109. What are the prime factors of z?
1889
Suppose -3*t - 41 = -4*t + 3*x, 0 = -3*x + 12. Suppose k = -48 + t. What are the prime factors of k?
5
Let j = 706 + -231. What are the prime factors of j?
5, 19
Let c(y) = 2*y**2 - 44*y + 19. Let s be c(22). Suppose -4*v = -6 - 14. Let b = s + v. List the prime factors of b.
2, 3
Let l(j) = -j - 6. Let o = 3 - 12. Let y be l(o). Suppose -5*s + 10 = -y*s. What are the prime factors of s?
5
List the prime factors of 23/(644/(-4095))*-12.
3, 5, 13
Let c = -181 - -82. Let m = -19 - c. List the prime factors of m.
2, 5
Let z(s) be the second derivative of s**6/240 + s**5/30 + s**4/2 + 13*s. Let f(d) be the third derivative of z(d). What are the prime factors of f(6)?
2, 11
Let o be -9*(-2 - (-32)/12). Let h(a) = -a**2 - 7*a - 1. List the prime factors of h(o).
5
Let o(k) = -k**3 - 11*k**2 + k - 17. Let c be o(-10). Let g = -7 - c. List the prime factors of g.
2, 3, 5
Suppose -276 + 92 = -4*s. Let z = s + 5. What are the prime factors of z?
3, 17
Let m = -23 + 29. Let r be 376/6 + (-4)/m. Let t = 92 - r. What are the prime factors of t?
2, 3, 5
Let i(u) = 12*u + 11. Let g be i(7). Let t = g - 68. List the prime factors of t.
3
Let j(o) = 61*o**2 + 41*o + 2. List the prime factors of j(6).
2, 13, 47
Let q = 42 - 30. Let c be (11 - q)/((-1)/(-3)). What are the prime factors of (-2 - 10/c)*18?
2, 3
Suppose -2*a + 606 = 4*s, -3*s + 1337 = 5*a - 199. Suppose 61 = -4*p + a. Suppose 0 = 5*l - p - 13. What are the prime factors of l?
3, 5
Let s(c) = -c**2 - 13*c - 19. Suppose x + 2*x = 0. Suppose a - u + 25 = -5*u, a - 4*u - 7 = x. What are the prime factors of s(a)?
17
Suppose -4*j + 0 = -8. Suppose 2*k - 234 = -4*a, -a + 70 - 19 = j*k. List the prime factors of a.
61
Suppose 0 = 135*d - 133*d - 72. List the prime factors of d.
2, 3
Suppose 3*b + 15 = 0, -w = 4*w + 3*b - 145. Suppose -4*r + k = -72, r + 5*k - w = 7. Suppose -x + r + 2 = 0. What are the prime factors of x?
3, 7
Let h(z) be the third derivative of z**5/12 - z**4/24 + 5*z**3/6 + 12*z**2. Let l be h(3). Suppose -33 = -4*u + l. What are the prime factors of u?
2, 5
Let s = -7 - -10. Suppose 0 = 5*h - 3*p - 133, -5*h + s*p + 129 = -p. Let u = h - -4. What are the prime factors of u?
3, 11
Let y(s) = -4*s**3 - 14*s**2 + 5*s - 12. Let j(w) = 5*w**3 + 18*w**2 - 5*w + 12. Le